110011111
What is c94c09 (base 16) in base 8?
62246011
What is 111211121211 (base 3) in base 4?
1002133303
640991 (base 16) to base 12
2242015
What is -13007 (base 16) in base 12?
-3905b
Convert 4366a (base 11) to base 5.
4011414
What is 766400 (base 8) in base 14?
69a92
Convert 5056783 (base 9) to base 5.
1142220101
What is 461685 (base 10) in base 5?
104233220
-13203451 (base 6) to base 8
-1524067
dfb12 (base 16) to base 2
11011111101100010010
Convert 1010101011000110111001 (base 2) to base 7.
32532314
Convert 1522104 (base 8) to base 9.
733061
-5773 (base 12) to base 4
-2120013
What is 422011310 (base 5) in base 15?
248b70
What is 139a8 (base 12) in base 11?
195a9
What is -4191352 (base 10) in base 12?
-14a1674
13dc04 (base 15) to base 13
276c82
What is -505550 (base 11) in base 14?
-1721aa
-111515 (base 9) to base 14
-1a486
What is 40131122 (base 5) in base 11?
1a7734
What is 1010111010111011110 (base 2) in base 7?
3020210
What is 102210101211221 (base 3) in base 12?
2122967
Convert 1021211110220 (base 3) to base 13.
1b00b1
4b7fc (base 16) to base 9
521174
218317 (base 15) to base 6
54121504
What is 834b96 (base 12) in base 7?
23344062
-123b82 (base 13) to base 16
-6aaeb
What is 1526917 (base 10) in base 3?
2212120112111
Convert -102230131312 (base 4) to base 12.
-178409a
Convert -955881 (base 10) to base 2.
-11101001010111101001
What is 11211110102 (base 3) in base 13?
3439a
Convert c48bb (base 15) to base 13.
18a733
2157767 (base 8) to base 15
b74ed
-17400 (base 8) to base 11
-5a65
Convert -45369 (base 12) to base 13.
-32bc5
What is 47013 (base 11) in base 4?
100210313
What is 1754455 (base 8) in base 3?
222010112222
-1321330300 (base 4) to base 9
-841164
What is -2c62 (base 13) in base 15?
-1dd7
What is -1031221300 (base 5) in base 4?
-20123300021
What is 109698 (base 12) in base 8?
1006224
What is -101210210212 (base 3) in base 14?
-5774d
Convert -1333100 (base 4) to base 14.
-2d7a
What is 210122002 (base 3) in base 5?
1001040
What is 152153 (base 9) in base 13?
336ba
What is 947308 (base 10) in base 8?
3472154
What is -244421 (base 6) in base 11?
-1538a
What is ba32e (base 16) in base 12?
30943a
What is 4d9380 (base 14) in base 10?
2676100
Convert 97dd (base 14) to base 5.
1320023
Convert -34043064 (base 7) to base 15.
-3d4989
Convert -56962 (base 11) to base 5.
-10113343
-220708 (base 12) to base 6
-15324412
What is -12097015 (base 10) in base 7?
-204552160
-ba3a72 (base 12) to base 13
-7c43b1
What is -3249851 (base 11) in base 14?
-a88436
-451518 (base 13) to base 8
-6161500
What is 10010212210001 (base 3) in base 8?
6277063
What is 100101101110110001 (base 2) in base 5?
14421140
151260 (base 13) to base 14
d643d
What is 27246062 (base 8) in base 12?
206a496
1010111110010000110 (base 2) to base 7
3025163
1a30537 (base 11) to base 8
15044517
1b5d4b (base 15) to base 14
26acd3
-bb090b (base 12) to base 11
-17468a9
Convert -19a0a6 (base 12) to base 11.
-28a273
What is 21212221211112 (base 3) in base 8?
17772615
Convert 51285a (base 12) to base 14.
25095c
-222177 (base 10) to base 9
-367683
What is -1861022 (base 11) in base 7?
-35524153
-35a8a (base 15) to base 2
-101001110001111010
42010210 (base 6) to base 11
75a468
What is -21ccd (base 14) in base 2?
-10100000010111101
What is 53521130 (base 6) in base 13?
434a45
What is -32220031 (base 5) in base 6?
-5504313
Convert 5b6a118 (base 12) to base 2.
1000011111011111000100100
2266721 (base 8) to base 9
1141576
-12ba5c (base 15) to base 11
-565281
What is -103022 (base 15) in base 16?
-bbdfc
4db928 (base 14) to base 15
37ed0d
What is -6478 (base 16) in base 3?
-1022021121
Convert -43055 (base 6) to base 5.
-141432
-529721b (base 12) to base 4
-323213011313
What is 2387418 (base 9) in base 6?
43453025
What is b592 (base 12) in base 16?
4d7e
-5a5c9 (base 14) to base 10
-220677
What is 376809 (base 10) in base 9?
633786
3144033 (base 5) to base 13
1b194
Convert 3273110 (base 8) to base 16.
d7648
-101200001011202 (base 3) to base 5
-2422411221
Convert 1022633 (base 7) to base 11.
84832
Convert 1202122122121 (base 3) to base 8.
3447761
-1553042 (base 9) to base 16
-d2614
c1290 (base 14) to base 8
1612576
-111001011110100011100 (base 2) to base 14
-370540
Convert -6da1d (base 16) to base 5.
-103332203
What is -997098 (base 14) in base 9?
-10713541
45ad39 (base 16) to base 11
2639829
What is -24160311 (base 8) in base 9?
-10867731
Convert -39a88 (base 11) to base 7.
-325534
Convert -11200120202 (base 3) to base 8.
-264167
3444111113 (base 5) to base 3
112200022122220
Convert 1101001111110110111001 (base 2) to base 5.
1342112300
101110111101010101101 (base 2) to base 5
343214413
Convert 3675a4 (base 11) to base 3.
1002112000211
Convert -72452 (base 11) to base 14.
-2a734
Convert -1548a4 (base 12) to base 14.
-95644
Convert -1000010110100010011011 (base 2) to base 3.
-11010020101101
Convert -f75f (base 16) to base 8.
-173537
What is 2a71925 (base 12) in base 7?
133112435
105778 (base 10) to base 16
19d32
What is -2211210212 (base 4) in base 12?
-288572
What is -24313c (base 13) in base 5?
-210114031
1332133000 (base 4) to base 12
20b994
What is -13674809 (base 10) in base 5?
-12000043214
What is 47024661 (base 8) in base 10?
10234289
-135335103 (base 6) to base 10
-2781039
-14b2f (base 16) to base 3
-11022022010
Convert -12102221120000 (base 3) to base 9.
-5387500
Convert -202204 (base 7) to base 13.
-12874
Convert 54301542 (base 7) to base 5.
2141424400
Convert 4359b (base 12) to base 7.
520244
361333 (base 9) to base 12
a5a63
What is 3531132 (base 9) in base 11?
1095096
What is 210542403 (base 6) in base 15?
4cb776
100200101112 (base 3) to base 16
2e859
What is -11001100100011010 (base 2) in base 12?
-50736
Convert 37a833 (base 11) to base 8.
2223622
What is -42344354 (base 6) in base 8?
-4572716
Convert -5e24e (base 16) to base 9.
-646860
-17452447 (base 8) to base 9
-7615543
What is 141332343 (base 5) in base 7?
6131203
What is -35a3c (base 15) in base 3?
-22200122110
12213110123 (base 4) to base 2
110100111010100011011
What is -236107 (base 9) in base 7?
-1131463
Convert -5a552 (base 11) to base 14.
-23aad
Convert 1227948 (base 11) to base 16.
208d9b
-1042013 (base 6) to base 10
-52281
3223500 (base 6) to base 4
212303130
Convert 392d61 (base 15) to base 14.
515b76
Convert -13250435 (base 6) to base 9.
-743405
-110111000101010011110 (base 2) to base 9
-3350838
12323201221 (base 4) to base 8
6734151
What is 102012210010101 (base 3) in base 2?
10110101110111111110010
What is -433118 (base 10) in base 15?
-884e8
Convert 489b05 (base 12) to base 9.
2185355
What is 3802c (base 15) in base 11?
112472
Convert -b41479 (base 14) to base 3.
-102102120002101
Convert 5bb28 (base 15) to base 13.
a3343
Convert 423a6 (base 13) to base 2.
11101000111110001
Convert -9b0c (base 16) to base 7.
-223502
53c214 (base 14) to base 12
b4a236
-2579280 (base 11) to base 16
-441a45
Convert -866 (base 13) to base 9.
-1865
7866066 (base 10) to base 16
7806d2
6055153 (base 11) to base 10
10709405
-259038 (base 12) to base 14
-120b92
What is -1113308 (base 9) in base 4?
-2102113001
46405 (base 10) to base 4
23111011
Convert 32221332323 (base 4) to base 11.
2194599
What is 1311b (base 15) in base 6?
1150225
Convert -11103123212 (base 5) to base 2.
-101110011001000000100001
Convert -30612431 (base 8) to base 7.
-106123246
1001102302 (base 4) to base 12
10a92a
a834f (base 16) to base 15
d921a
What is 12432 (base 8) in base 13?
25c7
What is 2430001 (base 5) in base 16?
b23a
What is -648925 (base 10) in base 11?
-403602
-543240002 (base 6) to base 7
-145160201
-30137276 (base 9) to base 5
-12143323343
Convert -4403123 (base 5) to base 11.
-51728
-64d87 (base 16) to base 5
-101204223
Convert -10316710 (base 10) to base 14.
-1527a3c
715658 (base 9) to base 5
102032323
c37c1 (base 14) to base 4
1302323231
1100000101000011010 (base 2) to base 4
1200220122
Convert 42353212 (base 6) to base 14.
2452c0
Convert 9b31c (base 13) to base 3.
112022111010
What is 5b5ea7 (base 16) in base 9?
12236001
What is -5a718 (base 12) in base 8?
-356204
What is -1c40a0 (base 15) in base 13?
-3944a3
What is -2d451 (base 15) in base 2?
-100011101010110101
1259976 (base 11) to base 4
20110032303
Convert -232144323 (base 5) to base 2.
-100000001000110